Dec 01 23:56:42.984 INFO testing avdyushin/bible-search-rs against master#8940af3cea4a9a9deabcaf843b2f8cad9a83fc61 for beta-1.31-5
Dec 01 23:56:42.984 INFO running `"docker" "create" "-v" "/mnt/big/crater/work/local/target-dirs/beta-1.31-5/worker-4/master#8940af3cea4a9a9deabcaf843b2f8cad9a83fc61:/target:rw,Z" "-v" "/mnt/big/crater/work/local/test-source/worker-4/beta-1.31-5/master#8940af3cea4a9a9deabcaf843b2f8cad9a83fc61:/source:ro,Z" "-v" "/mnt/big/crater/work/local/cargo-home:/cargo-home:ro,Z" "-v" "/mnt/big/crater/work/local/rustup-home:/rustup-home:ro,Z" "-e" "USER_ID=1000" "-e" "SOURCE_DIR=/source" "-e" "USER_ID=1000" "-e" "CMD=cargo +8940af3cea4a9a9deabcaf843b2f8cad9a83fc61-alt build --frozen" "-e" "CARGO_TARGET_DIR=/target" "-e" "CARGO_INCREMENTAL=0" "-e" "RUST_BACKTRACE=full" "-e" "RUSTFLAGS=--cap-lints=warn" "-e" "CARGO_HOME=/cargo-home" "-e" "RUSTUP_HOME=/rustup-home" "-m" "1536M" "--network" "none" "crater"`
Dec 01 23:56:43.270 INFO [stdout] c3a7e01a87f6548ded84669fe36f3553a7beb7d38289b7be799c62f56cfc8648
Dec 01 23:56:43.273 INFO running `"docker" "start" "-a" "c3a7e01a87f6548ded84669fe36f3553a7beb7d38289b7be799c62f56cfc8648"`
Dec 01 23:56:44.204 INFO [stderr] usermod: no changes
Dec 01 23:56:44.542 INFO [stderr]    Compiling tokio-io v0.1.10
Dec 01 23:56:44.542 INFO [stderr]    Compiling syn v0.15.17
Dec 01 23:56:44.547 INFO [stderr]    Compiling tokio-threadpool v0.1.8
Dec 01 23:56:44.547 INFO [stderr]    Compiling bible-reference-rs v0.1.2
Dec 01 23:56:44.547 INFO [stderr]    Compiling postgres-shared v0.4.2
Dec 01 23:56:49.407 INFO [stderr]    Compiling tokio-reactor v0.1.6
Dec 01 23:56:49.407 INFO [stderr]    Compiling tokio-codec v0.1.1
Dec 01 23:56:49.407 INFO [stderr]    Compiling h2 v0.1.13
Dec 01 23:56:53.520 INFO [stderr]    Compiling tokio-fs v0.1.4
Dec 01 23:56:59.019 INFO [stderr]    Compiling tokio-tcp v0.1.2
Dec 01 23:56:59.021 INFO [stderr]    Compiling tokio-udp v0.1.2
Dec 01 23:56:59.022 INFO [stderr]    Compiling tokio-uds v0.2.3
Dec 01 23:56:59.110 INFO [stderr]    Compiling postgres v0.15.2
Dec 01 23:57:08.725 INFO [stderr]    Compiling tokio v0.1.11
Dec 01 23:57:23.388 INFO [stderr]    Compiling serde_derive v1.0.80
Dec 01 23:57:25.889 INFO [stderr]    Compiling hyper v0.12.13
Dec 01 23:57:51.919 INFO [stderr]    Compiling bible-search-rs v0.1.0 (/source)
Dec 01 23:58:05.527 INFO [stderr]     Finished dev [unoptimized + debuginfo] target(s) in 1m 21s
Dec 01 23:58:05.537 INFO [stderr] su: No module specific data is present
Dec 01 23:58:06.232 INFO running `"docker" "inspect" "c3a7e01a87f6548ded84669fe36f3553a7beb7d38289b7be799c62f56cfc8648"`
Dec 01 23:58:06.533 INFO running `"docker" "rm" "-f" "c3a7e01a87f6548ded84669fe36f3553a7beb7d38289b7be799c62f56cfc8648"`
Dec 01 23:58:06.844 INFO [stdout] c3a7e01a87f6548ded84669fe36f3553a7beb7d38289b7be799c62f56cfc8648
Dec 01 23:58:06.851 INFO running `"docker" "create" "-v" "/mnt/big/crater/work/local/target-dirs/beta-1.31-5/worker-4/master#8940af3cea4a9a9deabcaf843b2f8cad9a83fc61:/target:rw,Z" "-v" "/mnt/big/crater/work/local/test-source/worker-4/beta-1.31-5/master#8940af3cea4a9a9deabcaf843b2f8cad9a83fc61:/source:ro,Z" "-v" "/mnt/big/crater/work/local/cargo-home:/cargo-home:ro,Z" "-v" "/mnt/big/crater/work/local/rustup-home:/rustup-home:ro,Z" "-e" "USER_ID=1000" "-e" "SOURCE_DIR=/source" "-e" "USER_ID=1000" "-e" "CMD=cargo +8940af3cea4a9a9deabcaf843b2f8cad9a83fc61-alt test --frozen --no-run" "-e" "CARGO_TARGET_DIR=/target" "-e" "CARGO_INCREMENTAL=0" "-e" "RUST_BACKTRACE=full" "-e" "RUSTFLAGS=--cap-lints=warn" "-e" "CARGO_HOME=/cargo-home" "-e" "RUSTUP_HOME=/rustup-home" "-m" "1536M" "--network" "none" "crater"`
Dec 01 23:58:07.383 INFO [stdout] 55d0b00a9ad0d9098ea1d50456592c7257c764107370a1ab4079b42e39e3e53b
Dec 01 23:58:07.386 INFO running `"docker" "start" "-a" "55d0b00a9ad0d9098ea1d50456592c7257c764107370a1ab4079b42e39e3e53b"`
Dec 01 23:58:08.767 INFO [stderr] usermod: no changes
Dec 01 23:58:09.129 INFO [stderr]    Compiling bible-search-rs v0.1.0 (/source)
Dec 01 23:58:18.419 INFO [stderr]     Finished dev [unoptimized + debuginfo] target(s) in 9.64s
Dec 01 23:58:18.443 INFO [stderr] su: No module specific data is present
Dec 01 23:58:20.031 INFO running `"docker" "inspect" "55d0b00a9ad0d9098ea1d50456592c7257c764107370a1ab4079b42e39e3e53b"`
Dec 01 23:58:20.267 INFO running `"docker" "rm" "-f" "55d0b00a9ad0d9098ea1d50456592c7257c764107370a1ab4079b42e39e3e53b"`
Dec 01 23:58:20.571 INFO [stdout] 55d0b00a9ad0d9098ea1d50456592c7257c764107370a1ab4079b42e39e3e53b
Dec 01 23:58:20.579 INFO running `"docker" "create" "-v" "/mnt/big/crater/work/local/target-dirs/beta-1.31-5/worker-4/master#8940af3cea4a9a9deabcaf843b2f8cad9a83fc61:/target:rw,Z" "-v" "/mnt/big/crater/work/local/test-source/worker-4/beta-1.31-5/master#8940af3cea4a9a9deabcaf843b2f8cad9a83fc61:/source:ro,Z" "-v" "/mnt/big/crater/work/local/cargo-home:/cargo-home:ro,Z" "-v" "/mnt/big/crater/work/local/rustup-home:/rustup-home:ro,Z" "-e" "USER_ID=1000" "-e" "SOURCE_DIR=/source" "-e" "USER_ID=1000" "-e" "CMD=cargo +8940af3cea4a9a9deabcaf843b2f8cad9a83fc61-alt test --frozen" "-e" "CARGO_TARGET_DIR=/target" "-e" "CARGO_INCREMENTAL=0" "-e" "RUST_BACKTRACE=full" "-e" "RUSTFLAGS=--cap-lints=warn" "-e" "CARGO_HOME=/cargo-home" "-e" "RUSTUP_HOME=/rustup-home" "-m" "1536M" "--network" "none" "crater"`
Dec 01 23:58:21.007 INFO [stdout] fc803d6008b635c938b39a06632cf3cd899d4874f46c74d10b9664048e945ea8
Dec 01 23:58:21.015 INFO running `"docker" "start" "-a" "fc803d6008b635c938b39a06632cf3cd899d4874f46c74d10b9664048e945ea8"`
Dec 01 23:58:22.189 INFO [stderr] usermod: no changes
Dec 01 23:58:22.443 INFO [stderr]     Finished dev [unoptimized + debuginfo] target(s) in 0.22s
Dec 01 23:58:22.457 INFO [stderr]      Running /target/debug/deps/bible_search_rs-8ab4ef05768f38f5
Dec 01 23:58:22.491 INFO [stdout] 
Dec 01 23:58:22.491 INFO [stdout] running 1 test
Dec 01 23:58:22.573 INFO [stdout] test tests::test_fetch_chapter ... FAILED
Dec 01 23:58:22.573 INFO [stdout] 
Dec 01 23:58:22.573 INFO [stdout] failures:
Dec 01 23:58:22.573 INFO [stdout] 
Dec 01 23:58:22.573 INFO [stdout] ---- tests::test_fetch_chapter stdout ----
Dec 01 23:58:22.573 INFO [stdout] Connecting: postgres://docker:docker@localhost:5432/bible
Dec 01 23:58:22.573 INFO [stdout] Connection: IO error: Cannot assign requested address (os error 99)
Dec 01 23:58:22.573 INFO [stdout] thread 'tests::test_fetch_chapter' panicked at 'called `Result::unwrap()` on an `Err` value: NoDatabaseConnection("IO error: Cannot assign requested address (os error 99)")', libcore/result.rs:1009:5
Dec 01 23:58:22.573 INFO [stdout] stack backtrace:
Dec 01 23:58:22.573 INFO [stdout]    0:     0x55f52f82d20f - std::sys::unix::backtrace::tracing::imp::unwind_backtrace::h3a8b83e1922cbdde
Dec 01 23:58:22.573 INFO [stdout]                                at libstd/sys/unix/backtrace/tracing/gcc_s.rs:49
Dec 01 23:58:22.573 INFO [stdout]    1:     0x55f52f8368a7 - std::sys_common::backtrace::print::h00d3155a29b4020f
Dec 01 23:58:22.573 INFO [stdout]                                at libstd/sys_common/backtrace.rs:71
Dec 01 23:58:22.573 INFO [stdout]                                at libstd/sys_common/backtrace.rs:59
Dec 01 23:58:22.573 INFO [stdout]    2:     0x55f52f83143f - std::panicking::default_hook::{{closure}}::hd7465c742e79e1bb
Dec 01 23:58:22.573 INFO [stdout]                                at libstd/panicking.rs:211
Dec 01 23:58:22.573 INFO [stdout]    3:     0x55f52f83113e - std::panicking::default_hook::h9e3966f2aa2a6e12
Dec 01 23:58:22.573 INFO [stdout]                                at libstd/panicking.rs:221
Dec 01 23:58:22.573 INFO [stdout]    4:     0x55f52f831b1e - std::panicking::rust_panic_with_hook::h587f091ae747d080
Dec 01 23:58:22.573 INFO [stdout]                                at libstd/panicking.rs:476
Dec 01 23:58:22.573 INFO [stdout]    5:     0x55f52f8316c1 - std::panicking::continue_panic_fmt::hb3a4fdede87f43a8
Dec 01 23:58:22.573 INFO [stdout]                                at libstd/panicking.rs:390
Dec 01 23:58:22.573 INFO [stdout]    6:     0x55f52f8315a5 - rust_begin_unwind
Dec 01 23:58:22.573 INFO [stdout]                                at libstd/panicking.rs:325
Dec 01 23:58:22.573 INFO [stdout]    7:     0x55f52f871fec - core::panicking::panic_fmt::h6f9cebf5e7474a0b
Dec 01 23:58:22.573 INFO [stdout]                                at libcore/panicking.rs:77
Dec 01 23:58:22.573 INFO [stdout]    8:     0x55f52f4992eb - core::result::unwrap_failed::h9449fcdc2a2b62e1
Dec 01 23:58:22.573 INFO [stdout]                                at libcore/macros.rs:26
Dec 01 23:58:22.573 INFO [stdout]    9:     0x55f52f49813b - <core::result::Result<T, E>>::unwrap::h357f2de6c794d212
Dec 01 23:58:22.573 INFO [stdout]                                at libcore/result.rs:808
Dec 01 23:58:22.573 INFO [stdout]   10:     0x55f52f493f06 - bible_search_rs::tests::test_fetch_chapter::hdcef621465835bb7
Dec 01 23:58:22.573 INFO [stdout]                                at src/main.rs:382
Dec 01 23:58:22.573 INFO [stdout]   11:     0x55f52f493eb9 - bible_search_rs::tests::test_fetch_chapter::{{closure}}::h26725eb3ae3e95da
Dec 01 23:58:22.573 INFO [stdout]                                at src/main.rs:381
Dec 01 23:58:22.573 INFO [stdout]   12:     0x55f52f48bf9d - core::ops::function::FnOnce::call_once::h19c2da5cb9273fbd
Dec 01 23:58:22.573 INFO [stdout]                                at libcore/ops/function.rs:238
Dec 01 23:58:22.573 INFO [stdout]   13:     0x55f52f4a376e - <F as alloc::boxed::FnBox<A>>::call_box::hac903f91577a156c
Dec 01 23:58:22.573 INFO [stdout]                                at libtest/lib.rs:1468
Dec 01 23:58:22.573 INFO [stdout]                                at libcore/ops/function.rs:238
Dec 01 23:58:22.573 INFO [stdout]                                at liballoc/boxed.rs:672
Dec 01 23:58:22.573 INFO [stdout]   14:     0x55f52f841859 - __rust_maybe_catch_panic
Dec 01 23:58:22.573 INFO [stdout]                                at libpanic_unwind/lib.rs:102
Dec 01 23:58:22.573 INFO [stdout]   15:     0x55f52f4c53c2 - std::sys_common::backtrace::__rust_begin_short_backtrace::hb8f0d0309526c184
Dec 01 23:58:22.573 INFO [stdout]                                at libstd/panicking.rs:289
Dec 01 23:58:22.573 INFO [stdout]                                at libstd/panic.rs:392
Dec 01 23:58:22.573 INFO [stdout]                                at libtest/lib.rs:1423
Dec 01 23:58:22.573 INFO [stdout]                                at libstd/sys_common/backtrace.rs:136
Dec 01 23:58:22.573 INFO [stdout]   16:     0x55f52f4c5e74 - std::panicking::try::do_call::hc2f7c8b9a348d8db
Dec 01 23:58:22.573 INFO [stdout]                                at libstd/thread/mod.rs:409
Dec 01 23:58:22.573 INFO [stdout]                                at libstd/panic.rs:313
Dec 01 23:58:22.573 INFO [stdout]                                at libstd/panicking.rs:310
Dec 01 23:58:22.573 INFO [stdout]   17:     0x55f52f841859 - __rust_maybe_catch_panic
Dec 01 23:58:22.573 INFO [stdout]                                at libpanic_unwind/lib.rs:102
Dec 01 23:58:22.573 INFO [stdout]   18:     0x55f52f4b30ac - <F as alloc::boxed::FnBox<A>>::call_box::h6bfded618e480b32
Dec 01 23:58:22.573 INFO [stdout]                                at libstd/panicking.rs:289
Dec 01 23:58:22.573 INFO [stdout]                                at libstd/panic.rs:392
Dec 01 23:58:22.573 INFO [stdout]                                at libstd/thread/mod.rs:408
Dec 01 23:58:22.573 INFO [stdout]                                at liballoc/boxed.rs:672
Dec 01 23:58:22.573 INFO [stdout]   19:     0x55f52f82f19d - std::sys_common::thread::start_thread::h4c28257d67cdf9cb
Dec 01 23:58:22.573 INFO [stdout]                                at liballoc/boxed.rs:682
Dec 01 23:58:22.573 INFO [stdout]                                at libstd/sys_common/thread.rs:24
Dec 01 23:58:22.573 INFO [stdout]   20:     0x55f52f821f25 - std::sys::unix::thread::Thread::new::thread_start::hfecb2e7eff8fd34f
Dec 01 23:58:22.573 INFO [stdout]                                at libstd/sys/unix/thread.rs:90
Dec 01 23:58:22.573 INFO [stdout]   21:     0x7ff69a7e96b9 - start_thread
Dec 01 23:58:22.573 INFO [stdout]   22:     0x7ff69a30941c - clone
Dec 01 23:58:22.573 INFO [stdout]   23:                0x0 - <unknown>
Dec 01 23:58:22.573 INFO [stdout] 
Dec 01 23:58:22.573 INFO [stdout] 
Dec 01 23:58:22.573 INFO [stdout] failures:
Dec 01 23:58:22.573 INFO [stdout]     tests::test_fetch_chapter
Dec 01 23:58:22.573 INFO [stdout] 
Dec 01 23:58:22.573 INFO [stdout] test result: FAILED. 0 passed; 1 failed; 0 ignored; 0 measured; 0 filtered out
Dec 01 23:58:22.573 INFO [stdout] 
Dec 01 23:58:22.579 INFO [stderr] error: test failed, to rerun pass '--bin bible-search-rs'
Dec 01 23:58:22.579 INFO [stderr] su: No module specific data is present
Dec 01 23:58:23.289 INFO running `"docker" "inspect" "fc803d6008b635c938b39a06632cf3cd899d4874f46c74d10b9664048e945ea8"`
Dec 01 23:58:23.549 INFO running `"docker" "rm" "-f" "fc803d6008b635c938b39a06632cf3cd899d4874f46c74d10b9664048e945ea8"`
Dec 01 23:58:23.914 INFO [stdout] fc803d6008b635c938b39a06632cf3cd899d4874f46c74d10b9664048e945ea8
